hat is the highest common factor of 4371 and 465?
93
What is the highest common factor of 5183 and 146?
73
What is the greatest common factor of 129 and 946?
43
Calculate the greatest common factor of 81 and 1584.
9
What is the highest common divisor of 782 and 138?
46
What is the highest common divisor of 77 and 29260?
77
What is the greatest common factor of 18 and 1536?
6
What is the greatest common divisor of 19652 and 136?
68
What is the highest common divisor of 95 and 2261?
19
What is the greatest common factor of 11844 and 72?
36
What is the greatest common divisor of 136 and 187?
17
Calculate the greatest common factor of 11 and 9.
1
What is the highest common divisor of 1984 and 124?
124
Calculate the greatest common factor of 32703 and 66.
33
Calculate the highest common divisor of 140 and 1225.
35
What is the greatest common factor of 208 and 32?
16
What is the greatest common divisor of 22 and 4708?
22
Calculate the highest common factor of 11 and 209.
11
What is the highest common divisor of 304 and 114?
38
Calculate the highest common factor of 318 and 6.
6
Calculate the greatest common factor of 8 and 9.
1
What is the greatest common factor of 55 and 3355?
55
Calculate the greatest common divisor of 2212 and 28.
28
What is the highest common divisor of 33 and 2893?
11
What is the highest common factor of 731 and 85?
17
Calculate the highest common factor of 1848 and 18.
6
Calculate the highest common factor of 23 and 1702.
23
Calculate the highest common divisor of 32 and 11664.
16
Calculate the greatest common divisor of 1372 and 14.
14
Calculate the highest common divisor of 210 and 30.
30
Calculate the highest common factor of 9475 and 25.
25
Calculate the highest common factor of 7918 and 814.
74
Calculate the highest common divisor of 216 and 1056.
24
What is the highest common factor of 1891 and 61?
61
What is the greatest common factor of 923 and 13?
13
What is the greatest common divisor of 10 and 85?
5
Calculate the highest common divisor of 2538 and 141.
141
What is the greatest common factor of 4216 and 992?
248
What is the highest common divisor of 2668 and 276?
92
Calculate the greatest common factor of 13401 and 9.
9
What is the highest common divisor of 3660 and 100?
20
Calculate the highest common divisor of 822 and 126.
6
What is the greatest common factor of 2475 and 20?
5
What is the greatest common factor of 200 and 270?
10
Calculate the highest common divisor of 77 and 11.
11
What is the greatest common factor of 2238 and 12?
6
What is the greatest common factor of 20 and 790?
10
Calculate the greatest common divisor of 765 and 595.
85
What is the highest common factor of 1664 and 689?
13
Calculate the greatest common factor of 95 and 342.
19
What is the greatest common divisor of 70 and 30?
10
Calculate the greatest common factor of 2268 and 84.
84
What is the greatest common factor of 405 and 5?
5
What is the greatest common factor of 289 and 901?
17
What is the greatest common factor of 96 and 6?
6
What is the greatest common factor of 561 and 33?
33
Calculate the greatest common divisor of 2025 and 900.
225
Calculate the greatest common divisor of 66 and 1023.
33
Calculate the greatest common divisor of 8825 and 5.
5
Calculate the greatest common factor of 312 and 1920.
24
Calculate the greatest common divisor of 496 and 1312.
16
What is the greatest common divisor of 264 and 24?
24
What is the greatest common divisor of 189 and 297?
27
Calculate the greatest common divisor of 553 and 237.
79
What is the highest common divisor of 455 and 13?
13
Calculate the greatest common divisor of 56 and 252.
28
What is the greatest common divisor of 90 and 390?
30
What is the highest common divisor of 2472 and 84?
12
What is the greatest common factor of 264 and 18?
6
Calculate the highest common factor of 1264 and 395.
79
Calculate the highest common divisor of 18 and 1458.
18
Calculate the highest common divisor of 2 and 84.
2
What is the highest common factor of 172 and 301?
43
Calculate the highest common divisor of 99 and 11979.
99
Calculate the highest common factor of 40 and 10760.
40
Calculate the greatest common factor of 114 and 30.
6
Calculate the greatest common divisor of 434 and 248.
62
What is the highest common factor of 68 and 85?
17
Calculate the greatest common divisor of 662 and 34.
2
What is the greatest common divisor of 64 and 176?
16
Calculate the greatest common divisor of 2781 and 81.
27
Calculate the highest common factor of 38 and 57.
19
What is the highest common factor of 637 and 13?
13
What is the highest common factor of 10 and 15?
5
Calculate the highest common factor of 38 and 18202.
38
What is the highest common divisor of 3916 and 88?
44
What is the greatest common factor of 136 and 612?
68
Calculate the greatest common divisor of 16 and 520.
8
Calculate the greatest common factor of 583 and 636.
53
What is the greatest common divisor of 6517 and 266?
133
What is the greatest common factor of 60 and 96?
12
What is the greatest common divisor of 20 and 76?
4
Calculate the highest common divisor of 11436 and 3.
3
What is the greatest common divisor of 50 and 225?
25
What is the greatest common factor of 1001 and 231?
77
Calculate the greatest common factor of 3198 and 234.
78
What is the highest common factor of 78298 and 22?
22
Calculate the highest common factor of 8 and 56.
8
What is the highest common divisor of 8080 and 24?
8
What is the greatest common divisor of 294 and 28?
14
Calculate the greatest common factor of 138 and 2990.
46
What is the highest common divisor of 232 and 58?
58
What is the highest common factor of 306 and 34?
34
What is the greatest common divisor of 11759 and 44?
11
Calculate the greatest common factor of 176 and 55.
11
Calculate the greatest common factor of 135872 and 64.
64
What is the highest common factor of 2 and 2?
2
Calculate the highest common factor of 466 and 4427.
233
Calculate the highest common divisor of 40 and 690.
10
What is the highest common divisor of 21 and 408?
3
What is the highest common factor of 784 and 49?
49
Calculate the greatest common factor of 46 and 10994.
46
Calculate the greatest common divisor of 390 and 60.
30
Calculate the highest common divisor of 396 and 24.
12
Calculate the greatest common factor of 11 and 671.
11
What is the greatest common divisor of 88 and 200?
8
Calculate the greatest common factor of 1476 and 36.
36
What is the highest common factor of 146 and 657?
73
What is the greatest common divisor of 77 and 1925?
77
Calculate the highest common divisor of 42 and 399.
21
What is the highest common factor of 182 and 49?
7
What is the highest common factor of 1962 and 18?
18
What is the greatest common divisor of 570 and 465?
15
Calculate the highest common factor of 474 and 6.
6
What is the highest common factor of 6237 and 135?
27
What is the greatest common factor of 485 and 1746?
97
Calculate the greatest common divisor of 9647 and 11.
11
What is the highest common factor of 216 and 24?
24
Calculate the greatest common factor of 10707 and 747.
249
What is the greatest common factor of 106 and 9805?
53
What is the greatest common factor of 6652 and 6?
2
What is the highest common divisor of 2125 and 221?
17
Calculate the highest common factor of 200 and 2320.
40
What is the greatest common factor of 100 and 4?
4
What is the highest common factor of 127 and 127?
127
Calculate the greatest common factor of 21 and 1407.
21
What is the highest common factor of 4 and 284?
4
Calculate the highest common divisor of 9048 and 624.
312
Calculate the highest common divisor of 371 and 106.
53
What is the highest common factor of 236 and 10325?
59
Calculate the highest common divisor of 1872 and 1040.
208
Calculate the greatest common factor of 9 and 4.
1
Calculate the greatest common factor of 30 and 66.
6
What is the greatest common factor of 12 and 2382?
6
Calculate the highest common factor of 18 and 198.
18
What is the highest common factor of 16 and 100?
4
What is the greatest common divisor of 49 and 245?
49
What is the greatest common factor of 710 and 90?
10
Calculate the highest common divisor of 49 and 91.
7
Calculate the highest common divisor of 30 and 3135.
15
Calculate the greatest common fac